67, 23852617
List the prime factors of 389996322.
2, 3, 173, 241, 1559
List the prime factors of 1082090047.
1082090047
List the prime factors of 997653079.
53, 3911, 4813
What are the prime factors of 2382908012?
2, 277, 2150639
List the prime factors of 1738162351.
19, 91482229
List the prime factors of 677151228.
2, 3, 13, 31, 10771
List the prime factors of 542243156.
2, 7, 13, 113, 13183
What are the prime factors of 4027561341?
3, 17, 78971791
What are the prime factors of 127451304?
2, 3, 1770157
List the prime factors of 1825135358.
2, 29, 257, 122443
List the prime factors of 284458016.
2, 101, 283, 311
List the prime factors of 56068448.
2, 17, 103067
List the prime factors of 50984473.
2161, 23593
List the prime factors of 1412858818.
2, 7, 100918487
List the prime factors of 42598883.
29, 1468927
What are the prime factors of 703174719?
3, 13, 18030121
What are the prime factors of 1306910799?
3, 89, 317, 5147
What are the prime factors of 142384251?
3, 37, 149, 8609
List the prime factors of 5197016796.
2, 3, 23, 457, 41203
List the prime factors of 33189438.
2, 3, 193, 28661
What are the prime factors of 623818584?
2, 3, 962683
List the prime factors of 127175872.
2, 1987123
What are the prime factors of 477618224?
2, 2713, 11003
What are the prime factors of 668711767?
37, 18073291
List the prime factors of 19921533.
3, 6640511
What are the prime factors of 384213346?
2, 11, 17464243
What are the prime factors of 2132483536?
2, 17, 7840013
What are the prime factors of 327890582?
2, 797, 205703
List the prime factors of 1244810972.
2, 4231, 73553
List the prime factors of 6725019.
3, 7, 320239
List the prime factors of 1642722514.
2, 23, 35711359
List the prime factors of 1346248424.
2, 5807, 28979
List the prime factors of 276985407.
3, 317, 291257
List the prime factors of 149282998.
2, 47, 1588117
What are the prime factors of 152412054?
2, 3, 2819, 9011
What are the prime factors of 21998074?
2, 7, 23, 53, 1289
What are the prime factors of 115928147?
181, 727, 881
List the prime factors of 318626243.
13, 137, 178903
List the prime factors of 1732836298.
2, 131, 6613879
List the prime factors of 2255195504.
2, 2087, 67537
List the prime factors of 70132803.
3, 13, 17, 79, 103
List the prime factors of 1839158.
2, 199, 4621
List the prime factors of 3704857476.
2, 3, 463, 666821
List the prime factors of 369621250.
2, 5, 19, 79, 197
What are the prime factors of 1052744680?
2, 5, 13, 73, 27733
List the prime factors of 349047807.
3, 97, 1199477
What are the prime factors of 833340767?
7, 119048681
What are the prime factors of 213734449?
167, 1279847
List the prime factors of 625431470.
2, 5, 62543147
List the prime factors of 1782519068.
2, 11, 1693, 23929
What are the prime factors of 5114183194?
2, 2557091597
What are the prime factors of 2066011154?
2, 1193, 865889
What are the prime factors of 160737212?
2, 4969, 8087
What are the prime factors of 213538367?
7, 30505481
List the prime factors of 1298025035.
5, 167, 1554521
What are the prime factors of 4733706909?
3, 9001, 175303
List the prime factors of 43430065.
5, 7, 1240859
What are the prime factors of 3621338837?
29, 124873753
List the prime factors of 227341791.
3, 25260199
What are the prime factors of 496450781?
43, 11545367
What are the prime factors of 993553035?
3, 5, 19, 3486151
What are the prime factors of 720903650?
2, 5, 14418073
List the prime factors of 278282364.
2, 3, 23190197
What are the prime factors of 2965668432?
2, 3, 863, 71593
List the prime factors of 2591977834.
2, 19, 29, 79, 1567
List the prime factors of 115130653.
11, 59, 16127
List the prime factors of 4260972582.
2, 3, 17, 13924747
List the prime factors of 32345391.
3, 13, 19, 43651
List the prime factors of 45644377.
4049, 11273
What are the prime factors of 194583598?
2, 11, 17, 19, 139, 197
List the prime factors of 172406272.
2, 83, 4057
List the prime factors of 4640686654.
2, 19, 59, 2069887
List the prime factors of 13644301.
11, 1240391
What are the prime factors of 95036881?
95036881
What are the prime factors of 215542748?
2, 53885687
List the prime factors of 5250246908.
2, 263, 863, 5783
What are the prime factors of 1591072016?
2, 99442001
What are the prime factors of 380075474?
2, 1297, 146521
What are the prime factors of 15249620?
2, 5, 47, 16223
List the prime factors of 1258997555.
5, 251799511
List the prime factors of 9314219507.
29, 321179983
What are the prime factors of 256711179?
3, 97, 882169
List the prime factors of 477136156.
2, 7, 229, 74413
What are the prime factors of 1198420707?
3, 11, 43, 844553
List the prime factors of 26629842.
2, 3, 587, 7561
What are the prime factors of 3021443693?
3021443693
What are the prime factors of 362354371?
17, 271, 78653
What are the prime factors of 307624058?
2, 7, 3139021
What are the prime factors of 948641597?
948641597
List the prime factors of 11413943.
11413943
List the prime factors of 1633997441.
23, 37, 47, 40853
List the prime factors of 632567526.
2, 3, 9629, 10949
What are the prime factors of 2084799?
3, 401, 1733
List the prime factors of 26119964.
2, 13, 38639
What are the prime factors of 554732286?
2, 3, 4993, 18517
List the prime factors of 42583833.
3, 23, 47, 1459
List the prime factors of 5074558939.
17, 29, 127, 81049
List the prime factors of 6113185071.
3, 7, 5940899
List the prime factors of 1683710751.
3, 47, 2099, 5689
List the prime factors of 161101836.
2, 3, 7, 19, 33647
What are the prime factors of 18109403?
13, 17, 81943
What are the prime factors of 14163093?
3, 7, 24979
List the prime factors of 37621275.
3, 5, 501617
What are the prime factors of 5304122717?
199, 26653883
What are the prime factors of 18459648?
2, 3, 2003
List the prime factors of 198897514.
2, 23, 47, 91997
What are the prime factors of 650736871?
19, 37, 41, 107, 211
List the prime factors of 118152176.
2, 17, 434383
What are the prime factors of 1516605264?
2, 3, 577, 18253
List the prime factors of 1712135829.
3, 570711943
What are the prime factors of 92286218?
2, 593, 77813
List the prime factors of 4423775799.
3, 1474591933
What are the prime factors of 707917521?
3, 29, 41, 198463
What are the prime factors of 17123268?
2, 3, 1426939
List the prime factors of 7027955330.
2, 5, 11, 7243, 8821
What are the prime factors of 90954624?
2, 3, 17, 13933
List the prime factors of 1340621295.
3, 5, 13, 6874981
What are the prime factors of 5539552208?
2, 23, 307, 49033
What are the prime factors of 2835190826?
2, 13, 109045801
List the prime factors of 137379830.
2, 5, 7, 251, 1117
List the prime factors of 2130257942.
2, 1065128971
List the prime factors of 568782421.
151, 907, 4153
What are the prime factors of 72182069?
72182069
What are the prime factors of 7877270897?
23, 342490039
List the prime factors of 1930706415.
3, 5, 11, 1300139
What are the prime factors of 130879295?
5, 26175859
List the prime factors of 1095144697.
47, 23300951
What are the prime factors of 232051220?
2, 5, 43, 47, 5741
What are the prime factors of 89721476?
2, 13, 29, 59497
What are the prime factors of 407474131?
12703, 32077
List the prime factors of 5095103152.
2, 23, 13845389
What are the prime factors of 440162639?
7, 349, 3677
What are the prime factors of 14528430?
2, 3, 5, 7, 7687
List the prime factors of 145205234.
2, 72602617
List the prime factors of 203089071.
3, 67696357
List the prime factors of 5090568.
2, 3, 7, 157, 193
What are the prime factors of 67327694?
2, 7, 4809121
List the prime factors of 17868958.
2, 31, 288209
List the prime factors of 141239050.
2, 5, 2824781
List the prime factors of 123911771.
123911771
List the prime factors of 3264938903.
563, 5799181
What are the prime factors of 618895517?
43, 809, 17791
List the prime factors of 167844014.
2, 13, 6455539
What are the prime factors of 252393?
3, 84131
List the prime factors of 1149903944.
2, 7, 20533999
What are the prime factors of 144975362?
2, 7, 10355383
List the prime factors of 334355361.
3, 113, 131, 7529
List the prime factors of 5277584240.
2, 5, 65969803
What are the prime factors of 66638478?
2, 3, 179, 62047
What are the prime factors of 1122179335?
5, 53, 103, 41113
What are the prime factors of 66277130?
2, 5, 19, 348827
Lis